{"id":351,"date":"2009-06-01T08:46:45","date_gmt":"2009-06-01T06:46:45","guid":{"rendered":"http:\/\/www.dalmatiner-sachsen-anhalt.de\/blog\/?page_id=351"},"modified":"2019-08-13T18:09:30","modified_gmt":"2019-08-13T16:09:30","slug":"welpentube","status":"publish","type":"page","link":"https:\/\/www.dalmatiner-sachsen-anhalt.de\/blog\/welpentube\/","title":{"rendered":"WelpenTube"},"content":{"rendered":"<h2 style=\"text-align: center;\"><\/h2>\n<h2 style=\"text-align: center;\"><strong>Playlist (E-Wurf) unserer \u201cWelpen aus Schermen\u201d<\/strong><\/h2>\n<p><iframe loading=\"lazy\" src=\"https:\/\/www.youtube.com\/embed\/videoseries?list=PLEI-I164aUBtXHigmc85UO3HXxCumD1Nh\" width=\"560\" height=\"315\" frameborder=\"0\" allowfullscreen=\"allowfullscreen\"><\/iframe><\/p>\n<h2 style=\"text-align: center;\"><\/h2>\n<h2 style=\"text-align: center;\"><strong>Playlist (D-Wurf) unserer \u201cWelpen aus Schermen\u201d<\/strong><\/h2>\n<p><iframe loading=\"lazy\" src=\"https:\/\/www.youtube.com\/embed\/videoseries?list=PLEI-I164aUBs-3HNxdVFIPhuPcNDD81O0\" width=\"560\" height=\"315\" frameborder=\"0\" allowfullscreen=\"allowfullscreen\"><\/iframe><\/p>\n<h2 style=\"text-align: center;\"><strong>Playlist (C-Wurf) unserer \u201cWelpen aus Schermen\u201d<\/strong><\/h2>\n<p><span class=\"embed-youtube\" style=\"text-align:center; display: block;\"><iframe loading=\"lazy\" class=\"youtube-player\" width=\"584\" height=\"329\" src=\"https:\/\/www.youtube.com\/embed\/vydJ8buBkxU?version=3&#038;rel=1&#038;showsearch=0&#038;showinfo=1&#038;iv_load_policy=1&#038;fs=1&#038;hl=de-Sie&#038;autohide=2&#038;wmode=transparent&#038;listType=playlist&#038;list=PLEI-I164aUBsQLMYuYV9oNTftZfYkhA-d\" allowfullscreen=\"true\" style=\"border:0;\" sandbox=\"allow-scripts allow-same-origin allow-popups allow-presentation\"><\/iframe><\/span><\/p>\n<h2 style=\"text-align: center;\"><\/h2>\n<h2 style=\"text-align: center;\"><\/h2>\n<h2 style=\"text-align: center;\"><span style=\"color: #ff0000;\"><strong>Playlist (B-Wurf) unserer &#8220;Welpen aus Schermen&#8221;<\/strong><\/span><\/h2>\n<p><span class=\"embed-youtube\" style=\"text-align:center; display: block;\"><iframe loading=\"lazy\" class=\"youtube-player\" width=\"584\" height=\"329\" src=\"https:\/\/www.youtube.com\/embed\/LF9Qekh3daw?version=3&#038;rel=1&#038;showsearch=0&#038;showinfo=1&#038;iv_load_policy=1&#038;fs=1&#038;hl=de-Sie&#038;autohide=2&#038;wmode=transparent&#038;listType=playlist&#038;list=PL938499E0F1815531\" allowfullscreen=\"true\" style=\"border:0;\" sandbox=\"allow-scripts allow-same-origin allow-popups allow-presentation\"><\/iframe><\/span><\/p>\n<h2 style=\"text-align: center;\"><\/h2>\n<h2 style=\"text-align: center;\"><span style=\"color: #0000ff;\"><strong>Playlist unserer &#8220;Dalmatiner von den Sandst&#252;cken&#8221;<\/strong><\/span><\/h2>\n<p style=\"text-align: center;\">(Auf dieser Seite gibt es auch noch Videos der Welpen des A-Wurfes und der Hunde, die st&#228;ndig bei uns zu Hause leben.)<\/p>\n<p><span class=\"embed-youtube\" style=\"text-align:center; display: block;\"><iframe loading=\"lazy\" class=\"youtube-player\" width=\"584\" height=\"329\" src=\"https:\/\/www.youtube.com\/embed\/TFtpsNFkxIA?version=3&#038;rel=1&#038;showsearch=0&#038;showinfo=1&#038;iv_load_policy=1&#038;fs=1&#038;hl=de-Sie&#038;autohide=2&#038;wmode=transparent&#038;listType=playlist&#038;list=PLE912EBAFC9E3DF08\" allowfullscreen=\"true\" style=\"border:0;\" sandbox=\"allow-scripts allow-same-origin allow-popups allow-presentation\"><\/iframe><\/span><\/p>\n<p>&nbsp;<\/p>\n<h2 style=\"text-align: center;\"><\/h2>\n<h2 style=\"text-align: center;\"><span style=\"color: #993300;\"><strong>Playlist (A-Wurf) unserer &#8220;Welpen aus Schermen&#8221;<\/strong><\/span><\/h2>\n<p><span class=\"embed-youtube\" style=\"text-align:center; display: block;\"><iframe loading=\"lazy\" class=\"youtube-player\" width=\"584\" height=\"329\" src=\"https:\/\/www.youtube.com\/embed?version=3&#038;rel=1&#038;showsearch=0&#038;showinfo=1&#038;iv_load_policy=1&#038;fs=1&#038;hl=de-Sie&#038;autohide=2&#038;wmode=transparent&#038;listType=playlist&#038;list=PL58E0159CD2A633C8\" allowfullscreen=\"true\" style=\"border:0;\" sandbox=\"allow-scripts allow-same-origin allow-popups allow-presentation\"><\/iframe><\/span><\/p>\n<h2 style=\"text-align: center;\"><\/h2>\n<h2 style=\"text-align: center;\"><span style=\"color: #003300;\"><strong>Playlist unserer &#8220;Hummel vom Magdeburger Domfelsen&#8221;<\/strong><\/span><\/h2>\n<p><iframe loading=\"lazy\" src=\"https:\/\/www.youtube.com\/embed\/videoseries?index=3&amp;list=PLF2DC89955E670180&amp;hl=de_DE\" width=\"560\" height=\"315\" frameborder=\"0\"><\/iframe><\/p>\n","protected":false},"excerpt":{"rendered":"<p>Playlist (E-Wurf) unserer \u201cWelpen aus Schermen\u201d Playlist (D-Wurf) unserer \u201cWelpen aus Schermen\u201d Playlist (C-Wurf) unserer \u201cWelpen aus Schermen\u201d Playlist (B-Wurf) unserer &#8220;Welpen aus Schermen&#8221; Playlist unserer &#8220;Dalmatiner von den Sandst&#252;cken&#8221; (Auf dieser Seite gibt es auch noch Videos der Welpen &hellip; <a href=\"https:\/\/www.dalmatiner-sachsen-anhalt.de\/blog\/welpentube\/\">Continue reading <span class=\"meta-nav\">&rarr;<\/span><\/a><\/p>\n","protected":false},"author":1,"featured_media":0,"parent":0,"menu_order":1,"comment_status":"open","ping_status":"open","template":"","meta":{"jetpack_post_was_ever_published":false},"jetpack_shortlink":"https:\/\/wp.me\/Px1eF-5F","jetpack_sharing_enabled":true,"jetpack_likes_enabled":true,"jetpack-related-posts":[{"id":8,"url":"https:\/\/www.dalmatiner-sachsen-anhalt.de\/blog\/uber-uns\/","url_meta":{"origin":351,"position":0},"title":"&#220;ber uns","date":"27. Februar 2009","format":false,"excerpt":"Herzlich Willkommen! Sind Sie auf\u00a0 Dalmatiner-Suche ? Kennen Sie den Film \u201e 101 Dalmatiner \u201c? Wir besitzen seit 1995 diese sch\u00f6nen und au\u00dfergew\u00f6hnlichen Hunde . Schon immer war der Dalmatiner mit seinem freundlichen Wesen und seiner eleganten Erscheinung unser Lieblingshund . Nachdem unsere Kinder nun schon \u00e4lter sind, haben wir\u2026","rel":"","context":"In &quot;Allgemein&quot;","img":{"alt_text":"","src":"https:\/\/i0.wp.com\/www.dalmatiner-sachsen-anhalt.de\/blog\/wp-content\/uploads\/2009\/02\/IMG_0352-1024x683.jpg?resize=350%2C200","width":350,"height":200},"classes":[]},{"id":999,"url":"https:\/\/www.dalmatiner-sachsen-anhalt.de\/blog\/impressum\/stehbilder\/","url_meta":{"origin":351,"position":1},"title":"Stehbilder","date":"27. Juli 2009","format":false,"excerpt":"Hier ver\u00f6ffentlichen wir die Stehbilder der Welpen, aufgenommen am 26.07.2009. Da sind sie gerade 48 Tage alt. AARON - verkauft R\u00fcde, w\/b beidseitig h\u00f6rend Wurftag 08.06.2009 Gewicht: 5500 g AMIGO - verkauft R\u00fcde, w\/s beidseitig h\u00f6rend Wurftag 08.06.2009 Gewicht: 5700 g ARES - verkauft R\u00fcde, w\/b beidseitig h\u00f6rend Wurftag 08.06.2009\u2026","rel":"","context":"In &quot;A-Wurf&quot;","img":{"alt_text":"","src":"https:\/\/i0.wp.com\/www.dalmatiner-sachsen-anhalt.de\/blog\/wp-content\/uploads\/2009\/07\/aaron-tag48_1881-300x200.jpg?resize=350%2C200","width":350,"height":200},"classes":[]},{"id":65,"url":"https:\/\/www.dalmatiner-sachsen-anhalt.de\/blog\/impressum\/","url_meta":{"origin":351,"position":2},"title":"Galerie","date":"14. Mai 2009","format":false,"excerpt":"C- Wurf: Ab 6. Woche (27.03.2013) Nach drau\u00dfen umgezogen C- Wurf: Ab Tag 1 (22.01.2013) Bilder aus der Wurfkiste Winterimpressionen 2010 Antonia & Athene A-Wurf: Ab Tag 57 Ab 9. Woche ( 04.08.09) A-Wurf: Tag 29 bis 56 Die 5. bis 8. Woche ( 07.07.09 bis 03.08.09) A-Wurf: Tag 1\u2026","rel":"","context":"In &quot;Allgemein&quot;","img":{"alt_text":"","src":"","width":0,"height":0},"classes":[]},{"id":5971,"url":"https:\/\/www.dalmatiner-sachsen-anhalt.de\/blog\/trachtigkeitskalender\/","url_meta":{"origin":351,"position":3},"title":"Tr&#228;chtigkeitskalender","date":"14. Januar 2014","format":false,"excerpt":"Tr\u00e4chtigkeitskalender \u00a0 1. Woche F\u00fcr den Fall, dass Ihre H\u00fcndin Medikamente nehmen muss, gehen Sie bitte zum Tierarzt und besprechen Sie die Medikamentenvergabe bevor Sie dem Tier ein Medikament verabreichen. Die H\u00fcndin sollte normal gef\u00fcttert und normal bewegt werden. Bitte keine Insektizide benutzen oder Impfungen mit lebend Stoffen verabreichen. Erster\u2026","rel":"","context":"Similar post","img":{"alt_text":"","src":"","width":0,"height":0},"classes":[]},{"id":8627,"url":"https:\/\/www.dalmatiner-sachsen-anhalt.de\/blog\/der-dalmatiner\/zuechter-sein\/","url_meta":{"origin":351,"position":4},"title":"Z&#252;chter sein?","date":"21. Juli 2025","format":false,"excerpt":"Z\u00fcchter zu sein? Z\u00fcchter zu sein bedeutet nicht nur s\u00fc\u00dfe Welpenfotos und Stolz auf sch\u00f6ne Hunde. Es ist auch ein riesiges Meer an Verzicht \u2013 still und f\u00fcr Au\u00dfenstehende oft unsichtbar. Zeit? \u201eFrei\u201c gibt es nicht. Wochenenden, Ausfl\u00fcge, Urlaub \u2013 vergiss es. Selbst ein paar Stunden weg sind Luxus. Du\u2026","rel":"","context":"Similar post","img":{"alt_text":"","src":"","width":0,"height":0},"classes":[]},{"id":5820,"url":"https:\/\/www.dalmatiner-sachsen-anhalt.de\/blog\/der-dalmatiner\/","url_meta":{"origin":351,"position":5},"title":"Der Dalmatiner","date":"3. September 2013","format":false,"excerpt":"Kurzportr\u00e4t der Rasse Dalmatiner Ausf\u00fchrliche Informationen zum Rassehund Dalmatiner gibt es bei Meister Petz TV und in der WIKIPEDIA. Viel Spa\u00df beim Schn\u00fcffeln. Oder sehen Sie hier eine Reportage \u00fcber die Welpen in einer Dalmatinerzuchtst\u00e4tte...sehr interessant und sehenswert. [Quelle: VOX.de hundekatzmaus vom 18.03.2017] \u00a0","rel":"","context":"Similar post","img":{"alt_text":"Diana Eichhorn ist unter die Dalmatiner gegangen","src":"https:\/\/i0.wp.com\/www.dalmatiner-sachsen-anhalt.de\/blog\/wp-content\/uploads\/2013\/09\/VOX.jpg?resize=350%2C200","width":350,"height":200},"classes":[]}],"_links":{"self":[{"href":"https:\/\/www.dalmatiner-sachsen-anhalt.de\/blog\/wp-json\/wp\/v2\/pages\/351"}],"collection":[{"href":"https:\/\/www.dalmatiner-sachsen-anhalt.de\/blog\/wp-json\/wp\/v2\/pages"}],"about":[{"href":"https:\/\/www.dalmatiner-sachsen-anhalt.de\/blog\/wp-json\/wp\/v2\/types\/page"}],"author":[{"embeddable":true,"href":"https:\/\/www.dalmatiner-sachsen-anhalt.de\/blog\/wp-json\/wp\/v2\/users\/1"}],"replies":[{"embeddable":true,"href":"https:\/\/www.dalmatiner-sachsen-anhalt.de\/blog\/wp-json\/wp\/v2\/comments?post=351"}],"version-history":[{"count":66,"href":"https:\/\/www.dalmatiner-sachsen-anhalt.de\/blog\/wp-json\/wp\/v2\/pages\/351\/revisions"}],"predecessor-version":[{"id":6995,"href":"https:\/\/www.dalmatiner-sachsen-anhalt.de\/blog\/wp-json\/wp\/v2\/pages\/351\/revisions\/6995"}],"wp:attachment":[{"href":"https:\/\/www.dalmatiner-sachsen-anhalt.de\/blog\/wp-json\/wp\/v2\/media?parent=351"}],"curies":[{"name":"wp","href":"https:\/\/api.w.org\/{rel}","templated":true}]}}