{"id":5854,"date":"2013-10-12T10:09:43","date_gmt":"2013-10-12T08:09:43","guid":{"rendered":"http:\/\/www.dalmatiner-sachsen-anhalt.de\/blog\/?page_id=5854"},"modified":"2013-10-12T10:09:43","modified_gmt":"2013-10-12T08:09:43","slug":"welpentreffen-vds","status":"publish","type":"page","link":"https:\/\/www.dalmatiner-sachsen-anhalt.de\/blog\/impressum\/welpentreffen-vds\/","title":{"rendered":"Welpentreffen vdS"},"content":{"rendered":"<h1 style=\"text-align: center;\">Dierhagen 2013<\/h1>\n<p style=\"text-align: center;\"><object width=\"600\" height=\"400\" classid=\"clsid:d27cdb6e-ae6d-11cf-96b8-444553540000\" codebase=\"http:\/\/download.macromedia.com\/pub\/shockwave\/cabs\/flash\/swflash.cab#version=6,0,40,0\"><param name=\"src\" value=\"https:\/\/static.googleusercontent.com\/external_content\/picasaweb.googleusercontent.com\/slideshow.swf\" \/><param name=\"flashvars\" value=\"host=picasaweb.google.com&amp;captions=1&amp;hl=de&amp;feat=flashalbum&amp;RGB=0x000000&amp;feed=https%3A%2F%2Fpicasaweb.google.com%2Fdata%2Ffeed%2Fapi%2Fuser%2F108818180084433406137%2Falbumid%2F5933397135167977809%3Falt%3Drss%26kind%3Dphoto%26hl%3Dde\" \/><param name=\"pluginspage\" value=\"http:\/\/www.macromedia.com\/go\/getflashplayer\" \/><\/object><\/p>\n","protected":false},"excerpt":{"rendered":"<p>Dierhagen 2013<\/p>\n","protected":false},"author":1,"featured_media":5845,"parent":65,"menu_order":0,"comment_status":"open","ping_status":"open","template":"","meta":{"jetpack_post_was_ever_published":false},"jetpack_shortlink":"https:\/\/wp.me\/Px1eF-1wq","jetpack_sharing_enabled":true,"jetpack_likes_enabled":true,"jetpack-related-posts":[{"id":1970,"url":"https:\/\/www.dalmatiner-sachsen-anhalt.de\/blog\/ausstellungen\/","url_meta":{"origin":5854,"position":0},"title":"Ausstellungen","date":"25. Februar 2010","format":false,"excerpt":"Spezial-Rassehunde-Ausstellung Magdeburg 2019 Athene von den Sandst\u00fccken (10 Jahre - VetKl am 6.4.19) -\u00a0(Platz 1; Anw.Vet.Ch.VDH; CAC) Athene\u00a0von den Sandst\u00fccken (10 Jahre -\u00a0VetKl am 7.4.19) -\u00a0(Platz 2;\u00a0Res.-Anw.Vet.Ch.VDH;\u00a0Res CAC) 8. Spezial-Rassehunde-Ausstellung Bochum 2018 Athene von den Sandst\u00fccken (9 Jahre - VetKl) -\u00a0(Platz 1 und Tagesbester Veteran; Anw.Vet.Ch.VDH) Hermine\u00a0vom Roten Herzfleck (14\u2026","rel":"","context":"In &quot;A-Wurf&quot;","img":{"alt_text":"","src":"https:\/\/i0.wp.com\/www.dalmatiner-sachsen-anhalt.de\/blog\/wp-content\/uploads\/2013\/05\/athene-vdS-4-J-Bochum-392x261.jpg?resize=350%2C200","width":350,"height":200},"classes":[]},{"id":8,"url":"https:\/\/www.dalmatiner-sachsen-anhalt.de\/blog\/uber-uns\/","url_meta":{"origin":5854,"position":1},"title":"&#220;ber uns","date":"27. Februar 2009","format":false,"excerpt":"Herzlich Willkommen! Sind Sie auf\u00a0 Dalmatiner-Suche ? Kennen Sie den Film \u201e 101 Dalmatiner \u201c? Wir besitzen seit 1995 diese sch\u00f6nen und au\u00dfergew\u00f6hnlichen Hunde . Schon immer war der Dalmatiner mit seinem freundlichen Wesen und seiner eleganten Erscheinung unser Lieblingshund . Nachdem unsere Kinder nun schon \u00e4lter sind, haben wir\u2026","rel":"","context":"In &quot;Allgemein&quot;","img":{"alt_text":"","src":"https:\/\/i0.wp.com\/www.dalmatiner-sachsen-anhalt.de\/blog\/wp-content\/uploads\/2009\/02\/IMG_0352-1024x683.jpg?resize=350%2C200","width":350,"height":200},"classes":[]},{"id":4180,"url":"https:\/\/www.dalmatiner-sachsen-anhalt.de\/blog\/der-dalmatiner\/gesundheit-luanua\/","url_meta":{"origin":5854,"position":2},"title":"Gesundheit","date":"6. Juni 2012","format":false,"excerpt":"\u00a0 Wer sich f\u00fcr den Dalmatiner interressiert, muss wissen, da\u00df diese\u00a0Rasse einige Besonderheiten aufweist. Auf die Wichtigste soll hier kurz eingegangen werden. \u00a0 Harns\u00e4ure: Die Entstehung eines so untypisch gezeichneten Hundes hat eine Genmutation hervorgerufen, so da\u00df der Dalmatiner als einzige Rasse sehr viel Harns\u00e4ure bildet und somit in der\u2026","rel":"","context":"Similar post","img":{"alt_text":"BackcrossProject - Normaler Harns\u00e4urespiegel beim Dalmatiner, FAQ, Z\u00fcchter, Vererbung...","src":"https:\/\/i0.wp.com\/www.dalmatiner-sachsen-anhalt.de\/blog\/wp-content\/uploads\/2012\/06\/nua-header2.jpg?fit=900%2C200&ssl=1&resize=350%2C200","width":350,"height":200},"classes":[]}],"_links":{"self":[{"href":"https:\/\/www.dalmatiner-sachsen-anhalt.de\/blog\/wp-json\/wp\/v2\/pages\/5854"}],"collection":[{"href":"https:\/\/www.dalmatiner-sachsen-anhalt.de\/blog\/wp-json\/wp\/v2\/pages"}],"about":[{"href":"https:\/\/www.dalmatiner-sachsen-anhalt.de\/blog\/wp-json\/wp\/v2\/types\/page"}],"author":[{"embeddable":true,"href":"https:\/\/www.dalmatiner-sachsen-anhalt.de\/blog\/wp-json\/wp\/v2\/users\/1"}],"replies":[{"embeddable":true,"href":"https:\/\/www.dalmatiner-sachsen-anhalt.de\/blog\/wp-json\/wp\/v2\/comments?post=5854"}],"version-history":[{"count":2,"href":"https:\/\/www.dalmatiner-sachsen-anhalt.de\/blog\/wp-json\/wp\/v2\/pages\/5854\/revisions"}],"predecessor-version":[{"id":5859,"href":"https:\/\/www.dalmatiner-sachsen-anhalt.de\/blog\/wp-json\/wp\/v2\/pages\/5854\/revisions\/5859"}],"up":[{"embeddable":true,"href":"https:\/\/www.dalmatiner-sachsen-anhalt.de\/blog\/wp-json\/wp\/v2\/pages\/65"}],"wp:featuredmedia":[{"embeddable":true,"href":"https:\/\/www.dalmatiner-sachsen-anhalt.de\/blog\/wp-json\/wp\/v2\/media\/5845"}],"wp:attachment":[{"href":"https:\/\/www.dalmatiner-sachsen-anhalt.de\/blog\/wp-json\/wp\/v2\/media?parent=5854"}],"curies":[{"name":"wp","href":"https:\/\/api.w.org\/{rel}","templated":true}]}}

Spezial-Rassehunde-Ausstellung Magdeburg 2019 Athene von den Sandstücken (10 Jahre - VetKl am 6.4.19) - (Platz 1; Anw.Vet.Ch.VDH; CAC) Athene von den Sandstücken (10 Jahre - VetKl am 7.4.19) - (Platz 2; Res.-Anw.Vet.Ch.VDH; Res CAC) 8. Spezial-Rassehunde-Ausstellung Bochum 2018 Athene von den Sandstücken (9 Jahre - VetKl) - (Platz 1 und Tagesbester Veteran; Anw.Vet.Ch.VDH) Hermine vom Roten Herzfleck (14…

Herzlich Willkommen! Sind Sie auf  Dalmatiner-Suche ? Kennen Sie den Film „ 101 Dalmatiner “? Wir besitzen seit 1995 diese schönen und außergewöhnlichen Hunde . Schon immer war der Dalmatiner mit seinem freundlichen Wesen und seiner eleganten Erscheinung unser Lieblingshund . Nachdem unsere Kinder nun schon älter sind, haben wir…

Wer sich für den Dalmatiner interressiert, muss wissen, daß diese Rasse einige Besonderheiten aufweist. Auf die Wichtigste soll hier kurz eingegangen werden.   Harnsäure: Die Entstehung eines so untypisch gezeichneten Hundes hat eine Genmutation hervorgerufen, so daß der Dalmatiner als einzige Rasse sehr viel Harnsäure bildet und somit in der…

BackcrossProject - Normaler Harnsäurespiegel beim Dalmatiner, FAQ, Züchter, Vererbung...
